- 143 = 0. List the prime factors of m.
3
Let b(i) = i**3 + 6*i**2 - 8*i + 6. What are the prime factors of b(-7)?
13
Let j = -64 - -96. What are the prime factors of j?
2
Let s be ((-1010)/(-15))/(4/6). Suppose s = 5*a + 6. What are the prime factors of a?
19
Suppose 0 = 4*n + 3 + 5. Let s be (9/(-3) - n) + -1. What are the prime factors of (1/s)/((-1)/36)?
2, 3
Let l(g) = g + 5. Let t be l(0). Let r be (-30)/(-8) - (-10)/40. Suppose -t*i = 3*y + 22 - 90, 48 = 4*i - r*y. What are the prime factors of i?
13
Suppose -3*b - 67 = -4*b - 2*w, -5*b = 4*w - 359. Let n = b - 53. List the prime factors of n.
2, 11
Let c be -8*(3 + -3 + -1). Let v = 12 - c. What are the prime factors of v?
2
Let p(r) = 5*r - 2. What are the prime factors of p(3)?
13
Suppose 3*t - 31 - 8 = 0. Suppose -t - 28 = -4*v + 5*n, -2*n - 29 = -3*v. List the prime factors of v.
3
Let q = 8 - -4. Let t = q - 9. List the prime factors of t.
3
Let a(u) = -u**3 + 5*u**2 - 5*u + 6. Let i(c) = 2*c - 8. Let p be i(6). Let l be a(p). List the prime factors of l/7 - 108/(-14).
2
Let f = -84 - -141. List the prime factors of f.
3, 19
Suppose 6*v - 3*v + 86 = 2*d, 5*v + 86 = 2*d. List the prime factors of d.
43
Let b(q) = -q**2 + 5*q - 1. Let s be b(5). Suppose -2 = -n - n. List the prime factors of 2 - (-1 + s + n).
3
Let y = 7 - 7. Let u = 12 - 8. Suppose -u = -y*t - t. List the prime factors of t.
2
Suppose 11 + 53 = 4*z. Let q = 5 - z. Let x = q - -18. List the prime factors of x.
7
Let d = -45 + 140. What are the prime factors of d?
5, 19
Suppose 10 = -2*s, -2*t = 2*t - 3*s - 275. What are the prime factors of t?
5, 13
Let i(t) = -7*t + 1. What are the prime factors of i(-3)?
2, 11
Let k be -1*(-2 - -1)/1. Let v = -1 + 1. List the prime factors of 1/(k + v) - -6.
7
Let n(f) = -f + 21. List the prime factors of n(-13).
2, 17
Let g be 10 + -2*(-9)/6. Let a = g + 2. List the prime factors of a.
3, 5
Suppose -z + 1727 = 10*z. What are the prime factors of z?
157
Let i be (-2 + 1)*(0 + 1). Let l(m) = -18*m - 2. List the prime factors of l(i).
2
What are the prime factors of 39/(-4)*36/(-3)?
3, 13
Let t(s) = -4*s. Let v be t(-4). What are the prime factors of ((-16)/10)/(v/(-440))?
2, 11
Let i = 18 + -13. Let p be (-4)/(-10) + 88/i. Suppose -p = -2*y - 2*c, 4*c - 3*c = -4. List the prime factors of y.
13
Suppose m - 2*m - 5*a = 20, 3*m - 8 = 2*a. Let n = 4 + m. List the prime factors of n + (-4)/(2 - 0).
2
Suppose -3*q = 3*n + 81, 0 = -4*n + 2*n - q - 57. Let w be 15/(-20) - n/8. Suppose 0*r + 30 = 3*r + w*i, 0 = -4*r + 3*i + 5. List the prime factors of r.
5
Let k = 47 - 9. Let m = 57 - k. List the prime factors of m.
19
Suppose 2*p - 5*j - 28 = 0, 0 = 3*p + 3*j + j - 19. List the prime factors of p.
3
Let d = 3 - 6. Let u = d + 8. List the prime factors of u.
5
Let m(u) be the third derivative of u**5/60 + u**3/6 - 3*u**2. What are the prime factors of m(3)?
2, 5
Let x = -197 + 276. List the prime factors of x.
79
Suppose 6 = 2*z - 5*o + 5, o = -5*z + 16. Suppose -z*d + 8*d = 145. List the prime factors of d.
29
Let v = 311 + -160. Suppose 6*y - y = -5*r + 170, -4*y + v = -r. List the prime factors of y.
37
Suppose 0*i - 2 = 2*i. Let u = 1 + i. Suppose -2*w - 3*w = -2*g - 45, u = 5*g. List the prime factors of w.
3
Let l be (1 - -2) + (1 - 27). Let s = l - -73. What are the prime factors of (-2)/6 - s/(-6)?
2
Suppose 4*d + 0*d = 112. Suppose d = r + r. Let k = 6 + r. What are the prime factors of k?
2, 5
Let f = -5 - -11. Suppose -2*n + 14 = -k - 4*n, k - 16 = 4*n. Let d = k + f. List the prime factors of d.
2
Suppose 0 = 5*z + 2*n - 67, 5*z + n - 91 = 5*n. Suppose 0*c = -3*c + z. Suppose 0*b + 65 = c*b. What are the prime factors of b?
13
Suppose 0 = -2*j - 5*m + 42, 4*m = -2*j + 61 - 21. List the prime factors of j.
2
Suppose -3*h = -4*j + 72 + 47, 4*j + 140 = -4*h. Let g = 67 + h. What are the prime factors of g?
2, 3, 5
Let w = -12 - -38. Let k = w + -11. List the prime factors of k.
3, 5
List the prime factors of -22*1/(-10)*5.
11
Suppose 2*t + g = -0*g - 43, -4*t - 3*g = 83. Let u = t - -46. List the prime factors of u.
23
Let b = -11 - -68. What are the prime factors of b?
3, 19
Let p = 35 - 27. What are the prime factors of p?
2
Let g be 4/(-10) + 2328/20. Suppose -g = -2*f - 0*f + 4*n, -4*n = 3*f - 154. Suppose 2*j - f = -j. What are the prime factors of j?
2, 3
Suppose 0 = -3*v - 148 + 496. List the prime factors of v.
2, 29
Suppose 4*r = 65 + 75. Let y = -23 + r. List the prime factors of y.
2, 3
Let c(l) = -1. Let a(t) = 4*t - 4. Let o(k) = k**3 - 4*k**2 - k - 1. Let m be o(4). Let u(f) = m*c(f) + a(f). List the prime factors of u(1).
5
Let w(c) = -c**3 + 6*c**2 + 7*c + 3. Let q be w(7). Suppose -q*y + 2*y = 0. Suppose y*o - o = -4. What are the prime factors of o?
2
Let f(v) = -v + 1. Let s be f(4). Let t = s - 8. Let r = -4 - t. What are the prime factors of r?
7
Suppose b + 5 = 1, -h = 3*b - 8. Suppose 3*n = t - 2*n + 2, 3*t - 4 = 5*n. Suppose -h = -4*z + t*z. List the prime factors of z.
2, 5
Let t be (1 - -2) + 2 + -1. Let d(k) = k**3 + 5*k**2 + 4*k. Let i be d(-4). Let o = t + i. List the prime factors of o.
2
Suppose 2*l - 6*l + 12 = 0. Suppose 2*n - 3*h = 4, 2*n + 2*h - 4 = l*h. List the prime factors of 7 + 2*1/n.
2
Suppose 7 = -2*g + g + 3*z, -5*z = -5. List the prime factors of g/14 + (-279)/(-21).
13
Let o = 28 + -16. List the prime factors of o.
2, 3
Let c be 0*(15/6)/(-5). Suppose 5*o - i = -4*i + 22, i - 4 = c. List the prime factors of (-1*2)/o + 12.
11
Let d(l) = -9*l**3 + l**2 + 3*l + 2. Let w be d(-2). Suppose w = -6*t + 9*t. What are the prime factors of t?
2, 3
Suppose 5*n - 463 = -2*v, 4*n + 2*v = -2*v + 380. What are the prime factors of n?
7, 13
Let b = 7 - 5. Suppose 0 = -b*f - 0*n + 2*n + 28, 4*f - 51 = 3*n. List the prime factors of f.
3
Suppose 8 = 5*u - 2. What are the prime factors of u*(-2 + 3 - 0)?
2
Let w be (-6)/12 - (-25)/2. Let n = 38 - w. What are the prime factors of n?
2, 13
What are the prime factors of -118*(-5)/2*(-13)/(-65)?
59
Let y = 113 + -13. List the prime factors of y.
2, 5
Let z(n) = 3*n**2 - 6*n - 4. Let i be z(-4). Suppose 90 = -4*x + 2*v + 274, 0 = -x - 5*v + i. List the prime factors of x.
2, 3
Let y(r) = -4*r**2 + 3*r**2 - 2*r - 7 + 9*r + 0*r. Let k be y(6). List the prime factors of 2 - (-8 - (k + 0)).
3
Let d be (-2)/(-15) + 1628/165. Let i = 10 + d. What are the prime factors of i?
2, 5
Let b be (0 + 1)*(-25)/(-5). Suppose -b*d - 8 = -108. Suppose d = 2*j - 12. List the prime factors of j.
2
Let k = 81 + -54. List the prime factors of k.
3
Let k(n) = -2*n - n - 5 + n + 0*n. Let z(r) = -r - 1. Let o be z(5). What are the prime factors of k(o)?
7
What are the prime factors of 39/(-4 + 7) + -5?
2
Suppose 0 = 8*a - 10*a + 38. List the prime factors of a.
19
Suppose 2*t + g - 8 = -0*g, -4 = -2*t - 3*g. Suppose p + 2*r = 24, t*p = 4*r - 0*r + 50. Suppose -5*z + 39 - p = 0. What are the prime factors of z?
5
Suppose -4*u + u - 71 = -4*q, 4*q + 76 = -4*u. What are the prime factors of (-1 + -2 - u) + -1?
17
Suppose 0 = -5*l + 5*u - 15, -2*u = -l + u + 1. Let s = l - -12. What are the prime factors of s?
7
Let z(c) = 5*c**2 + c + 2. Let g be z(-2). Let u = 30 - g. What are the prime factors of u?
2, 5
Let t be (-17)/2*2/1. Let c(o) = 23*o - 8. Let f(s) = 8*s - 3. Let z(v) = t*f(v) + 6*c(v). What are the prime factors of z(5)?
13
Let a be 1 + (2 - 3)*6. Suppose 4*p - 40 = -0*r - 2*r, 2*r - 50 = -5*p. Let o = p + a. What are the prime factors of o?
5
Suppose -2*y = -4*k - 56, y + 2*k = 5*y - 112. What are the prime factors of y?
2, 7
Suppose 0 = v + 4*v - 90. Let p = -12 + v. What are the prime factors of p?
2, 3
Let q be (2*3/3)/2. Let f = 6 - q. What are the prime factors of f?
5
Let q be 0*((2 - 2) + -1). Suppose q = -3*h - 11 + 32. List the prime factors of h.
7
Suppose -2 = -2*a - 2*h - 4, 2*a - 18 = 3*h. Suppose a*p = 7*p - 8. Suppose p*o + o - 27 = 0. List the prime factors of o.
3
What are the prime factors of 12/8*(2 + 0)?
3
Suppose -4*u + 140 = 4*c, -5 = -2*u - 3. Suppose -a = t - c, -t + 4*a = -2*t + 46. Suppose 2*n + 3*n - t = 0. What are the prime factors of n?
2, 3
Suppose 5 - 8 = -s. Let f(o) = o**2 - 2*o - 1. What are the prime factors of f(s)?
2
Let s(q) = -q**3 - 5*q**2 - 3*q + 4. Let u be s(-5). Let w = u - 